 Give h(-7).
6
Suppose 0 = -5*w + 3*m + 18, -3*m = 2*w - 4 - 20. Let f(z) = z**3 - 7*z**2 + 7*z. Determine f(w).
6
Let b = 1 - 3. Let g be 24/10 + b/5. Let o(q) = -3*q - 4*q + q**g + 5*q. Calculate o(-2).
8
Suppose k = 3 - 4. Let y(l) = -3 - 10*l**2 - l - 4*l + 2*l. Let f(p) = -10*p**2 - 2*p - 2. Let w(c) = -4*f(c) + 3*y(c). Give w(k).
10
Let f = -51 - -46. Let h(r) = r + 1. Give h(f).
-4
Let n = -5 + 9. Suppose -3 = n*j + 1. Let l(z) = 2*z - 5. Let h(t) = 4*t - 11. Let q(y) = 6*h(y) - 13*l(y). Determine q(j).
1
Let l(o) = -o**3 + 3*o**2 + 5*o. Let t = -65 - -69. Determine l(t).
4
Let p = 0 + 3. Let z(c) = -c**2 + 3*c - 2. What is z(p)?
-2
Let k(m) be the first derivative of -m**4/4 + 4*m**3/3 + 7*m**2/2 - 3*m - 18. What is k(5)?
7
Let u(a) = a**3 - a**2 - 4*a + 2. Let g = -22 + 25. Determine u(g).
8
Let b(m) = -m**3 - 8*m**2 + 8*m + 2. Let v be b(-9). Suppose v*x + 9 = 8*x. Let k(i) = 4*i + 4. Determine k(x).
-8
Suppose 5 = -4*o - 7. Let a(r) = -r**3 + 2*r + 1 - 2*r**2 - r**2 + 0*r**2. What is a(o)?
-5
Suppose -8 = 4*t, w + t + t = 0. Let u(a) = 80*a + 4 - 39*a - 44*a. Give u(w).
-8
Let r(i) = -i**2 - 2*i - 2*i + 10*i + 4. What is r(5)?
9
Suppose -4*t = -7*t - 5*d - 17, 0 = 2*d + 2. Let l be 0*(-1 + t/(-3)). Suppose -v - v + 4 = l. Let u(n) = -2*n**2 + 4*n - 2. Determine u(v).
-2
Suppose g = -0*g + 6. Let k(o) = -o + 2. What is k(g)?
-4
Let p(w) = -5*w**2 - w. Let g = 5 + -3. Suppose -3 = g*c + c. Let a be ((-3)/9)/(c/(-3)). Determine p(a).
-4
Suppose 3 = 2*u - 1. Suppose -3 = 4*i - 0*i + k, -5*i = -4*k - 12. Let j(d) = -3 + 3*d - 5*d**3 + 3*d**3 + d**2 + i*d. Calculate j(u).
-9
Let j(n) = -n**2 - 7*n - 3. Suppose -4*s - 2*g - 36 = 2*g, -21 = 4*s - g. Give j(s).
3
Let r(m) = -5*m**3 + m. Let w be (-45)/(-35) - 2/7. Give r(w).
-4
Let r(o) = 1 - 4 + 2 - 1 + 2*o. Give r(3).
4
Let x(r) = -r**3 - 3*r**2 + 6*r - 3. Let d(u) = u**3 - u. Let k(n) = 3*d(n) + x(n). Calculate k(2).
7
Let s(d) be the first derivative of 0*d + 1/120*d**5 - 2/3*d**3 - 1/4*d**4 + 0*d**2 - 1. Let l(i) be the third derivative of s(i). Give l(0).
-6
Let x(w) = -w**2 + 6*w - 5. Let f be x(5). Suppose 0 = 2*s + h + 5, -5*s + f*h + 5*h + 10 = 0. Let l(d) = 4*d**2. Give l(s).
4
Let o = -3 - -5. Suppose o*k + 7*w - 21 = 2*w, -4*k = 3*w - 7. Let r(h) = h**3 + 3*h**2 - 1. Give r(k).
3
Let r(d) be the third derivative of -d**6/15 - d**5/30 + d**4/24 + 5*d**2. What is r(1)?
-9
Suppose -5*l + 8 = -2. Let u(a) = -2*a**2 + 3 + 1 + a**3 - l*a**2. Suppose k - 2*d = -k + 2, 14 = 5*k - 2*d. What is u(k)?
4
Let h = 64 + -57. Let g(t) = -t**3 + 8*t**2 - 11*t + 10. Give g(h).
-18
Suppose -5*m = c + 21, 5*m - 2*m + 19 = c. Let x = 6 - c. Let y(i) = 0*i + 3*i + i**3 + 2*i**x + 3 + 2*i**2. Determine y(-4).
-9
Let m be (1 - 0)*(0 + 2). Let z = 0 + m. Let u(a) = 6*a - 10. Let k(s) = -2*s + 3. Let d(w) = -7*k(w) - 2*u(w). Give d(z).
3
Let k be -2 + (-3 - (-2)/4*2). Let s(n) = 2*n - 3. What is s(k)?
-11
Let k(i) be the third derivative of -i**4/8 - 5*i**3/6 + 48*i**2. Determine k(4).
-17
Let h(x) = -x**2 + 2. Let t(a) be the third derivative of -a**4/24 - a**3 - 2*a**2. Let i be t(-4). Calculate h(i).
-2
Let x(t) = -4 - 6*t**3 + 5*t**3 + 0 + 0*t**2 + 3*t**2. Give x(3).
-4
Let x(n) be the third derivative of n**6/120 - n**5/12 - n**4/4 + n**3/2 - 25*n**2. Give x(6).
3
Let f be 6/((-2)/(-2 + 0)). Let c = -3 + f. Let g(x) = -4*x + 5*x + x + 7 - c*x. Give g(4).
3
Suppose -4*w + 4 = 0, -4*c = 3*w - w + 10. Let a(d) = -6*d + 1. Give a(c).
19
Let m(y) = 1. Let o(k) = 6*k - 4 - 1 + k**2 - 2. Let i(f) = m(f) + o(f). What is i(-5)?
-11
Let w(b) = 5*b**3 + 3*b**2 - 4*b. Let x(g) = g**3. Let u(n) = w(n) - 4*x(n). Suppose 0 = -4*h - 2 - 14. What is u(h)?
0
Suppose 0*y + 2*y = 0. Suppose 5*k + 26 = q + q, -5*k + q - 23 = y. Let i(l) be the first derivative of -l**4/4 - 5*l**3/3 - 3*l**2 + 2. What is i(k)?
8
Let d(y) = y**2 + 4*y - 3. Let j(a) = 3*a + 4. Let n be j(-3). Determine d(n).
2
Let m be 0/(12/4 - 4) - -4. Let a(h) be the third derivative of -h**4/8 + h**3 - h**2. What is a(m)?
-6
Let y(k) be the second derivative of -k**5/120 - k**3/2 + 3*k. Let h(s) be the second derivative of y(s). Give h(-5).
5
Let r(d) = 5 + d + 0 - 2. Let i(v) = v**2 + 5*v - 4. Let x = -12 + 7. Let c be i(x). Give r(c).
-1
Let a(l) = -4*l + 6. Let m be a(3). Let o(q) = -3*q - 8. Determine o(m).
10
Suppose 0 = -d - 2*d + 15. Let m(g) = 2*g + g + 3*g + 3 - d*g. Let x(y) = -y**3 + y**2 - y + 5. Let u be x(0). What is m(u)?
8
Let m(h) = -2*h**2 + 2. Let g be (0 + -3 + -37)/(-2). Let d = g - 18. Give m(d).
-6
Let b(s) be the third derivative of -s**4/6 - s**3/6 + 3*s**2. Let k = -8 - -6. Let t be ((-3)/(-6))/(1/k). Calculate b(t).
3
Let s(u) = u**2 + u + 1. Let h(t) = 6*t**2 + 6*t + 3. Let q(a) = 13*a**2 + 11*a + 6. Let o(n) = 9*h(n) - 4*q(n). Let x(k) = -o(k) + 3*s(k). Determine x(6).
-6
Let i be (-4)/(-5)*5/2. Let j(h) = 5 + 5*h**i + 0*h**2 + 19*h**3 + 5*h - 18*h**3. Give j(-4).
1
Let y(q) = -q + 2*q - 15 - 5*q + 5*q. Determine y(10).
-5
Let h(d) be the first derivative of d**3/3 - d**2 - 26. Calculate h(3).
3
Let l(w) be the first derivative of -5*w**2/2 + w - 5. Calculate l(1).
-4
Let c(x) be the second derivative of -x**3/6 + 6*x. What is c(6)?
-6
Let w be 9/(-7) + (7 - 188/28). Let z(g) = -g**2 + g. What is z(w)?
-2
Let n(s) = -s - 1. Let m(t) = -3*t**2 + 6*t + 7. Let o(x) = -m(x) - 6*n(x). Suppose -5*p + 12 = -p. Suppose v = 3*b - 2, 3*b + 1 - 13 = p*v. What is o(b)?
2
Let l(n) be the second derivative of n**4/12 - 2*n**3/3 - 3*n**2 + n. Suppose 0*y - 4*w = -4*y + 28, y - 4*w - 13 = 0. Calculate l(y).
-1
Let z(q) be the first derivative of -5*q**4/4 + 2*q**3/3 + q**2/2 - 16. Give z(-1).
6
Let g be (-32)/(-18) + 4/18. Let u(c) = 1 - 2*c + 1 - 2*c**g - 3*c**3 + 0*c + 4*c**3. Let n = 1 - -2. Determine u(n).
5
Suppose -6 = 2*x + x. Let r(s) = -3*s + 0*s**3 - 172 + 171 + s**3. Give r(x).
-3
Let q(w) = -w**3 + 5*w**2 + 8*w - 9. Let h be q(6). Suppose -h*m = 4*n - m - 16, -2*n - 8 = -3*m. Let x(c) = 3 - 4 + 4 - 3*c + 2*c**2. Determine x(n).
5
Let j(t) = t + 2. Let w = 1 + -4. Determine j(w).
-1
Let m be (1/(-3))/((-1)/12). Suppose -l = 3*f + 15, -m*l = l + 3*f + 15. Let a(r) = -r - 5 + 1 + l. Determine a(-4).
0
Let r(c) = c**3 + 9*c**2 + 8*c - 2. Let s be r(-8). Let a = 14 + -9. Let v(b) = -9*b**2 - 2*b. Let g(k) = 14*k**2 + 3*k. Let p(y) = a*g(y) + 8*v(y). Give p(s).
-6
Let w(n) = -3*n - 8. Let a(m) = -4*m - 7. Let z(x) = 5*a(x) - 4*w(x). Give z(-3).
21
Let k(c) = -c**3 - 3*c**2 - 3*c + 3. Let o = 24 + -27. Give k(o).
12
Let v(s) = 3 + 8*s + 8 + s**2 - 4. Let u(h) = h**3 + 8*h**2 - 6. Let z be u(-8). Determine v(z).
-5
Suppose -5*u = -9*u. Let v(q) = -q - 6*q + 1 + u*q. Calculate v(1).
-6
Let j(z) = z**2 - 13*z - 20. Let q be j(14). Let l(t) = -t + 1. Determine l(q).
7
Let s(c) = 4 - 2 + 19*c - 20*c. Let l(o) = 0 + 3 - 2. Let d(m) = -3*l(m) + 2*s(m). What is d(-4)?
9
Let n(x) = 3 + x**3 - 4*x**3 + 4*x**3. Let k(a) = a**3 + 6*a**2 + a - 1. Let t be k(-6). Let i(r) = -r - 7. Let v be i(t). What is n(v)?
3
Let g(c) = -5*c - 443 + 3*c**2 + 0*c**3 + 2*c - c**3 + 441. Let b = 3 + 0. What is g(b)?
-11
Let s = 16 + -13. Let k(i) be the first derivative of -i + 2 + 3/2*i**2 - 1/3*i**s. Calculate k(4).
-5
Let o(p) = -14 + 3 + 5 + 5 - 2*p. Give o(-6).
11
Let a(b) = -b + 2*b + 0*b. Let d = 11 - 7. Suppose m + 1 + 1 = -3*x, -3*m + d = -x. Calculate a(x).
-1
Let d(y) be the first derivative of -1/2*y**2 + y - 1. What is d(-2)?
3
Let m(x) = -x**3 + x**2 - 1. Let u(j) = -3*j**3 + j**2 - j - 2. Let q(k) = -4*m(k) + u(k). Determine q(4).
14
Let i(q) = -2*q - 7. Suppose 4*v - 3*p + 0 = 3, -3*p + 18 = 3*v. Suppose 0 = v*w + 27 - 12. Give i(w).
3
Let u(p) be the second derivative of p**4/12 - p**3/6 - p**2/2 + 5*p. Give u(-1).
1
Let q be (-8 + 4)/(-1 + 3). Let o(i) = -3*i - 1. Calculate o(q).
5
Let r(i) = -3*i**2 - 9*i + 13. Let j(d) = -d**2 - 2*d + 3. Suppose -o + 2*o + 2 = 0. Let u(z) = o*r(z) + 9*j(z). Suppose -c = -1 - 0. Determine u(c).
-2
Let s(r) = r**3 + 4*r**2 + r + 2. Let n(p) = p - 9. Let t be n(7). Give s(t).
8
Let l = -16 + 11. Let u(v) be the second derivative of 0 + 1/3*v**3 + 3*v**2 - v. Determine u(l).
-4
Let r(f) = f**2 + 6*f - 5. Let p be r(-7). Let h(l) = -6*l + 1. Give h(p).
-11
Let p(l) = l - 1. Let r(y) = -y**3 + 6*y**2 - 4*y + 7. L